 digit of h(s)?
0
Suppose 3*n - 3*g + 303 = 0, 2*n - 5*n - 5*g - 279 = 0. Let s = -7 - n. What is the units digit of s?
1
Let j(m) = -m**3 + 9*m**2 - m - 19. Let v be j(8). Let h = 252 - v. What is the units digit of h?
5
Let x be (-3)/(-6)*0*-1. Suppose x*d + 126 = 3*d. What is the units digit of d?
2
Suppose 262 + 362 = 12*o. Let r = o - 0. What is the units digit of r?
2
Suppose -2*i + 5*m = -14, 5*i + 5*m - 4*m - 8 = 0. Let l(v) = -2*v + 8*v**2 - 3*v + i*v - 5*v**2. What is the tens digit of l(-3)?
3
Let r(f) = 14*f**2 - 5*f - 5. Let j be r(-2). Let p = j - 13. What is the units digit of p?
8
Let v = -37 - -39. Suppose -6*q + v*q = -60. What is the units digit of q?
5
Suppose 0 = 170*q - 167*q - 288. What is the units digit of q?
6
Let x(l) = -l**3 - l**2 + 2*l - 5. Let d = 30 - 19. Let c = 7 - d. What is the units digit of x(c)?
5
Suppose 0 = s + 3*c - 535, 0*c - 1097 = -2*s + 3*c. Let i = s - 318. What is the tens digit of i?
2
Suppose -r = 3*o + 9, -5*o + 3*r - 17 = 12. Let p(x) = 7*x**2 - x - 2. Let m be p(o). Let f = -67 + m. What is the units digit of f?
7
Let x(b) = 2*b**3 + 2*b**2 + 4. Let g be x(9). Suppose 4*y = -3*y + g. What is the hundreds digit of y?
2
Let t be -1 + (-25)/(-15)*6. Let g = t + -5. What is the units digit of g?
4
Suppose -4*g - 3*i = -509, -2*i = -7*i - 25. Suppose 5*m = 3*l - 0*l - g, -5*l - 4*m + 243 = 0. What is the tens digit of l?
4
Let p(o) = 50*o - 85. What is the tens digit of p(12)?
1
What is the units digit of (-5)/(675/60) - 8482/(-9)?
2
Let m be ((-4)/3)/((-52)/702). What is the tens digit of (-6)/m + 85*8/6?
1
What is the hundreds digit of 24/3 + -8 + 356?
3
Suppose 5*z = -s - 160, -4*z - 5*s + 0*s = 107. What is the tens digit of z/(-55) + 112/5?
2
Let k = 1118 - 171. What is the tens digit of k?
4
Suppose -2476 = -4*j - 3*t - t, 0 = 3*t. Let a = j - 295. What is the hundreds digit of a?
3
Suppose -12*v + 15*v + 2*r = 1329, v - 5*r = 460. What is the tens digit of v?
4
Let g = -1960 - -4377. What is the thousands digit of g?
2
Let u(l) = l - 1. Let s be (-16)/(-7) - 12/42. Let c(n) = -n + 6. Let x(g) = s*u(g) + c(g). What is the units digit of x(-3)?
1
Let y(a) = -a**2 + 18*a + 28. Let g be y(20). What is the tens digit of 94*(-2)/g*3?
4
Let l(n) = -n**3 + 9*n**2 + 11*n - 7. Let c be l(10). Suppose c*x = 5*v + 329, -3*x - x = 5*v - 427. What is the tens digit of x?
0
Let t = -345 + 600. What is the units digit of t?
5
Suppose 0 = -2*g - 4*l - l + 132, -5*g - l = -284. What is the units digit of g?
6
Let k(m) = 6*m + 0 + 1 - 6*m + 2*m + 2*m**2. What is the units digit of k(-3)?
3
Let g(a) = 452*a + 7. What is the hundreds digit of g(1)?
4
Let d be ((-2)/(-2))/(-3*3/(-27)). Suppose 2*c - 208 = -d*i, -c + i - 204 = -3*c. What is the units digit of c?
1
Let h(m) = 3*m - 18. Let d be h(10). What is the tens digit of (-7 - 63)*d/(-10)?
8
Let k = 1230 + 2398. What is the tens digit of k?
2
Suppose z + 2*r - 608 = 0, 9*z + 3*r + 1251 = 11*z. What is the hundreds digit of z?
6
Let w = 43 + -54. Let p(l) = -1 + 0 - 10 - 7*l. What is the tens digit of p(w)?
6
Let x(v) = v**3 - 6*v**2 - 15*v. Let q be x(8). Suppose -5*s = -332 - q. What is the tens digit of s?
6
Let o(q) = 4*q - 3. Let b be o(1). What is the tens digit of (b*(-4)/(-8))/((-1)/(-226))?
1
Let x = 46 + -23. Let y = x + -11. Suppose -3*l - w + 76 = 0, 0*w - 3*w = -y. What is the units digit of l?
4
Suppose -5*u = w + 3*w - 3844, -2*u + 4*w = -1532. What is the hundreds digit of u?
7
Let c = -144 + 77. Let p = c - -128. What is the units digit of p?
1
Let v be 5/(20/16) - 28. Let y be (1/3)/((-2)/v). Let n(b) = 4*b**2 - 6*b + 2. What is the tens digit of n(y)?
4
Suppose 5*r + 20 + 10 = 0. Let p be 15*(10/r + 2). Suppose -40 = -p*j - 0*j. What is the units digit of j?
8
Let b = 4777 - 2762. What is the units digit of b?
5
Suppose 2*g = 0, 2*g - 1260 = 5*v - 0*g. What is the tens digit of (v/10)/((-12)/40)?
8
Suppose 9479 = 3*k - 2*a, -2*k + 4*a + 15795 = 3*k. What is the tens digit of k?
6
Let b be (-45)/(-18)*12/5. Suppose 2*s = l + b*s - 94, 221 = 2*l - 3*s. What is the units digit of l?
6
Let r be (-5 + (-92)/(-20))/(2/(-10)). Suppose 3*b - 2*b - 273 = -r*g, -5*g + 288 = b. What is the tens digit of b?
6
Let g be -2*5/(15/(-201)). Suppose -2*n + g = -0*n. What is the tens digit of n?
6
Suppose 5*c - 37 + 12 = 0. What is the tens digit of -324*((-32)/30 + 2/c)?
1
Let i be (((-8)/2)/(-8))/(1/482). Suppose 8*c - 905 + i = 0. What is the tens digit of c?
8
Suppose a + 25 = 34. Let x = a + 7. Let d = -11 + x. What is the units digit of d?
5
Let g = 30 + -28. Suppose d - g*j - 13 = -4, 5*d - j = 90. What is the tens digit of d?
1
Let b(l) = 5*l - 9. Let x be b(7). Let y = 69 - x. What is the tens digit of y?
4
Suppose 2*d - 1200 = -8*d. What is the units digit of d?
0
Let b = 2 + 12. Let u be (-61)/(-4) - b/56. What is the tens digit of (1 + (-9)/u)*25?
1
Suppose -13*d = -15*d + 10. Let q be d/40 - (-3)/(-24). Let o = q + 24. What is the tens digit of o?
2
Suppose 10 = 5*p, -3*f = -0*f + p - 3215. What is the units digit of f?
1
Let f = 7 + -8. Let g = f - -54. What is the units digit of g?
3
Suppose 210 = -19*a + 21*a. Suppose -a = -5*u + 350. What is the units digit of u?
1
Let q be 4 - 3 - -1 - -41. Let c = q + -12. Let n = -17 + c. What is the tens digit of n?
1
Suppose -3710 = 939*d - 949*d. What is the hundreds digit of d?
3
Let t be 598/((-1 - 1)/(-2)). Suppose -t - 70 = -4*k. What is the hundreds digit of k?
1
What is the units digit of 1287 - 60/(-18)*-3?
7
Let i(k) = -3424*k - 138. What is the thousands digit of i(-1)?
3
What is the units digit of (-3220)/(-15)*3*(-1)/(-2)?
2
Suppose 14070 = 22*o + 13*o. What is the units digit of o?
2
Let w(p) = -3*p**3 + 14*p**2 + 109*p + 1. What is the units digit of w(-10)?
1
Let f = -112 - -114. Suppose -365 = -f*t + m, 3*m + 183 + 552 = 4*t. What is the hundreds digit of t?
1
Let s(u) = 12 + u**3 + 10*u**2 + 4*u**2 + 2*u - 3*u**2 + 25. What is the tens digit of s(-9)?
8
Let m = -10 - -8. Let l(c) = -5*c**3 - 2*c**2 - 3*c - 5. What is the tens digit of l(m)?
3
Suppose -r = -4*r + 9. Let x = 13 + 7. Suppose -46 = -r*h + x. What is the tens digit of h?
2
Let z(r) = 4*r**3 - 23*r**2 + 8*r - 56. What is the tens digit of z(11)?
7
Let x be (-1)/(-2) + (-36)/(-8). Suppose x*l - 28 = 42. Suppose g + l = 3*g. What is the units digit of g?
7
Let x(t) = t - 10. Let f be x(8). Let h be f/(-12) - 11/66. Suppose h*w = -w + 32. What is the units digit of w?
2
Let r = -93 + 97. What is the hundreds digit of ((-3)/r)/((-10)/2720)?
2
Let z = 946 - 43. What is the units digit of z?
3
Let s = -120 + 54. Let i = 159 + s. What is the units digit of i?
3
Suppose 5532 = 6*u - 19980. What is the hundreds digit of u?
2
Suppose 3*a - 24 = -a. Suppose -a*u + 8*u = 158. What is the tens digit of u?
7
Suppose 7*k - 6765 - 480 = 0. What is the units digit of k?
5
Let o(y) = -44*y + 8. Let l be o(5). Let m = -86 - l. What is the hundreds digit of m?
1
Suppose 2*t - 5*p + 335 = 7*t, 0 = 5*t + 4*p - 334. Let y = t + -52. What is the units digit of y?
4
Let u = 1055 - 677. What is the units digit of u?
8
Suppose -3*m + 14*m = 2816. What is the tens digit of m?
5
Let o = -36 + 41. Suppose 2*r - 57 = 5*g, -7 + 67 = o*r + 4*g. What is the tens digit of r?
1
Suppose 4*a + 0*a - 604 = -3*y, 4*a + y - 596 = 0. What is the units digit of a?
8
Let y be (1 + 0)/((-8)/3200). What is the tens digit of (y/15)/(2 - (-40)/(-18))?
2
Let n(x) = -4*x**2 - 6*x + 7. Let k be n(-5). Let h be (-2)/(-5) + k/(-5). Let g = h + -8. What is the units digit of g?
5
Suppose p - 247 = -f - 0*p, -5*p + 992 = 4*f. What is the tens digit of f?
4
Suppose 224 + 167 = -r. What is the units digit of 4/28 - r/7?
6
Suppose -3*m + 82 = 1. Let j = m - -29. What is the tens digit of j?
5
Let z = 1980 + -1190. What is the hundreds digit of z?
7
Let t be (-1 - 6)*(3 + -17 + 5). What is the tens digit of 193/3 - (-7)/(t/6)?
6
What is the units digit of (-22856)/(-10) + 48/(-80)?
5
Let w(m) = -m**3 + 8*m**2 + 9*m + 2. Let h be w(9). Suppose 3*o + 4*j - 102 - 33 = 0, 5*j + 113 = h*o. What is the tens digit of o?
4
Let q = -3551 - -5696. What is the units digit of q?
5
Let v(z) = 9*z - 35. Let w(c) = -4*c + 17. Let q(n) = 3*v(n) + 5*w(n). What is the tens digit of q(14)?
7
Suppo